-q, -4 = -a + q + 14. What is the remainder when 27 is divided by a?
12
Suppose -2*d + 35 = 5*i - 10*i, 2 = -d - 4*i. What is the remainder when 248 is divided by d?
8
What is the remainder when (-1312)/(-205)*3*5/6 is divided by 10?
6
Let g = 34 - 47. Let f = -2163 - -2169. What is the remainder when (g - 3)*(-1 + 0) is divided by f?
4
Let k(f) = 2*f**3 - 15*f**2 - 7*f + 4. Let v be k(8). Let g = v + -8. Suppose -g*h + 688 = 108. Calculate the remainder when h is divided by 37.
34
Suppose 0 = -72*t + 69*t + 9. Suppose -5 = o + t*g - 20, -o = -5*g - 39. What is the remainder when 45 is divided by o?
21
Suppose 4*v = -5*q + 11, 3*q + 4 - 1 = 0. Let w(d) = d**2 + 5*d - 5. Let a = 2 + 119. What is the remainder when a is divided by w(v)?
28
Let c be ((-66)/(-63) + (-6)/(-21))*-39. Let p = -30 - c. What is the remainder when p is divided by 17?
5
Suppose -31 = -5*f + 4*d, 0 = -0*f - f - 5*d - 17. Suppose 0 = f*y - 9 - 117. Calculate the remainder when y is divided by 24.
18
Suppose 0 = 5*l + n - 640, l + 4*n - 100 = 9. Calculate the remainder when l is divided by 32.
1
Suppose -12 = -2*k + 5*k. Let g be 1*(0/k - -109). Let f = g - 77. Calculate the remainder when 94 is divided by f.
30
Let b = -169 - -121. Let w = b - -132. What is the remainder when w is divided by 29?
26
Let x(j) = 2*j**3 - 5*j + 2. What is the remainder when 29 is divided by x(2)?
5
Let n = 447 - 410. Calculate the remainder when n is divided by 205/10 - (-3)/(-2).
18
Let a = -13 + 20. Suppose 3*t + 5*f - 80 = -2*t, -2*f = -3*t + 58. Let i = 30 - t. What is the remainder when i is divided by a?
5
Let j(h) = -h**3 + 15*h**2 - 13*h + 29. What is the remainder when j(9) is divided by 19?
18
Let y be (-1)/((-2)/4)*1. What is the remainder when (y + -1)*(36 - 2) is divided by 24/(-20)*(-15)/2?
7
Suppose -2*q + 36 = q. Let m(y) = -8*y**2 - 2*y + 44. Calculate the remainder when m(0) is divided by q.
8
Let m = -705 - -769. Calculate the remainder when m is divided by 26.
12
Suppose 8 - 4 = 4*m. Let y = m - -35. Calculate the remainder when y is divided by 10.
6
Suppose 0 = 59*w - 51*w - 96. Let c(m) = 6*m - 7. Calculate the remainder when c(5) is divided by w.
11
Let h(s) = -4*s + 41. Let m be h(10). Suppose 0*w - 40 = -4*w. Calculate the remainder when w is divided by ((-3)/(-1) - m) + 1.
1
Let t(f) = f**3 - 10*f**2 + 4*f - 52. Let u be t(15). Suppose -u = -3*y - 155. Calculate the remainder when y is divided by 47.
44
Suppose 839 - 157 = 11*l. What is the remainder when 234 is divided by l?
48
Let n(q) = 185*q**3 - 2*q**2 - 12*q + 21. What is the remainder when n(2) is divided by 32?
29
Let d = 28 - -2. Calculate the remainder when 1587 is divided by d.
27
Let x be (-4)/18 + (-6)/((-54)/353). Calculate the remainder when (-5440)/(-130) + 6/x is divided by 15.
12
Let i(m) = -3*m - 7. Let r be i(-10). Suppose 3*g = -g - 3*s + 17, 4*g + 5*s - r = 0. What is the remainder when (10*g)/1 + -2 is divided by 10?
8
Let y = -184 + 259. Suppose 0 = -0*g + 5*g - y. What is the remainder when 28 is divided by g?
13
Let l = 1273 - 1255. Calculate the remainder when l is divided by 4.
2
Let j(y) be the first derivative of -y**4/4 - 4*y**3/3 + 7*y**2/2 - 5*y + 7. What is the remainder when j(-6) is divided by 2/(-8) + 53/4?
12
Suppose k = -4*m + 131 + 522, 164 = m + k. Suppose 0*i + m = i. What is the remainder when i is divided by 41?
40
Let r = 624 + -603. Calculate the remainder when 113 is divided by r.
8
Let d = -1 - -9. Let s(r) = 33*r**3 - 11*r + 9. Let k(l) = 16*l**3 - 5*l + 4. Let c(p) = 5*k(p) - 2*s(p). Calculate the remainder when c(1) is divided by d.
5
Let p = -3900 + 5797. Calculate the remainder when p is divided by 76.
73
Let g be ((-6)/(-4))/((-1809)/360 + 5). Let s(x) = x**3 + 2*x**2 - 4*x + 5. Let l be s(-4). Let i = l - g. What is the remainder when i is divided by 18?
13
Let v(n) = -4*n - 126. Calculate the remainder when 28 is divided by v(-32).
0
Let m be (-10)/(-4)*(-6)/(-5). Suppose -4*u + 155 = m*x, -4*x = -0*x - 4*u - 216. Calculate the remainder when x is divided by 28.
25
Let h be (-13 + 1)/6 + (-2)/1. What is the remainder when 29 is divided by h*(-2 + 35/(-20))?
14
Let w(x) = -28*x + 2. Suppose 2*a = -21 - 23. What is the remainder when w(-2) is divided by 4/a - 888/(-44)?
18
Let l(s) = -3*s**3 + 3*s + 2. Let d = 22 + -23. Let r be l(d). Suppose -2*v + 8 - r = 0. Calculate the remainder when 7 is divided by v.
1
Suppose -9*f + 599 = 86. Calculate the remainder when 105 is divided by f.
48
Let f(q) = 15*q**2 + 10*q - 10. Let d(r) = -r + 1. Let u(i) = 6*d(i) + f(i). Calculate the remainder when u(3) is divided by 29.
27
Suppose 0 = 19*y + 605 - 1460. What is the remainder when 222 is divided by y?
42
Suppose 4*j + 0*j = 3*k + 929, 5*j - 2*k - 1163 = 0. What is the remainder when j is divided by 26?
25
Let r(o) = 7*o**2 - 6*o - 7. Let z be r(7). Suppose -3*y + 151 = -4*d, 2*d - 19 + z = 5*y. Calculate the remainder when y is divided by 20.
17
Suppose -171*f = -423*f + 171*f + 4131. Suppose -b + 608 = 3*b. What is the remainder when b is divided by f?
50
Suppose 5*y - 93 = -2*j + 484, -2*j + 587 = -5*y. What is the remainder when j is divided by 42?
39
Suppose 0 = 4*t + 3*l - 79, -t - 5*l - 54 = -95. What is the remainder when -1 + 2 + 55 + 2 is divided by t?
10
Let m(f) = -25*f - 80. Calculate the remainder when 67 is divided by m(-4).
7
Let f = 867 - 517. Suppose -o + 8*o = f. Calculate the remainder when o is divided by 13.
11
Let p(k) be the third derivative of k**5/60 + 5*k**4/24 + 7*k**3/3 + 2*k**2. Let r be p(-7). Let z = r - 20. Calculate the remainder when 22 is divided by z.
6
Suppose -2*g + 28 = -9*g. Let q(k) = -k**3 - 2*k**2 + 6*k + 5. Calculate the remainder when q(g) is divided by 9.
4
Let d(p) = p**3 - 7*p**2 + 6*p - 3. Let y be d(6). Let j(z) = -2*z**3 + 3*z**2 + 3*z - 3. What is the remainder when j(y) is divided by 18?
15
Suppose -2*v = 2*d + 50, 3*d - 5*v + 50 = -49. Let m = d + 61. Calculate the remainder when m is divided by 7.
5
Calculate the remainder when 1*-1*(-288)/6 is divided by 25*((-8)/4 + 7 + -4).
23
Let t(f) be the first derivative of f**4/4 - 5*f**3 + 8*f**2 + f - 3. What is the remainder when t(14) is divided by (-129)/(-9) - 8/(-12)?
14
Let x be (34/(-8))/(6/(-120)). Let i = -47 + x. Suppose -b = 3*z - 0*z - 58, -b = 2*z - i. Calculate the remainder when 79 is divided by z.
19
Suppose n = 5*o + 35, 0*o = -3*o + 15. Calculate the remainder when n is divided by 3.
0
Suppose -2*b - 357 = -0*g + g, 2*b - 4*g + 352 = 0. Calculate the remainder when 1/(532/b - -3) is divided by 30.
29
Suppose 8*n = 5*n - 30. Let z = 2 - n. Suppose 0 = -5*q - 2*m + 227, m = -4*m + 5. What is the remainder when q is divided by z?
9
Let u(m) = -m**3 + 2*m**2 - 4*m. Let t be u(2). Let p(d) = -1. Let z(x) = x + 5. Let w(o) = -4*p(o) - z(o). Calculate the remainder when 11 is divided by w(t).
4
Suppose 21 - 51 = -5*i. Suppose i*v - 26 = 46. Calculate the remainder when 82 is divided by v.
10
Let r(o) = o**3 - 11*o**2 + 5*o + 2. Let n be r(6). Let f = 215 + n. Suppose f = 5*b + m + 28, -3*b = 4*m - 20. Calculate the remainder when b is divided by 3.
2
Suppose 2*b + 50 = 4*h, 6 = 3*h + 2*b - 42. Calculate the remainder when 978 is divided by h.
12
Suppose 0*q + 5*q = 4*m + 146, 3*q - 108 = 3*m. Let z = 89 + m. Calculate the remainder when z is divided by 8.
7
Let u = -12 - -14. Suppose -u*c - 3*c = 5. Calculate the remainder when c/(-4 + (-556)/(-140)) is divided by 12.
11
Suppose -10*t = -6*t. Suppose -5*p - 32 = c, -c + 5*p - 36 - 6 = t. Let j = c - -42. What is the remainder when 33 is divided by j?
3
Let d be ((-3)/9)/(3/(-36)). Suppose g + 231 = d*g. Calculate the remainder when 75 is divided by 2/(-8) - g/(-4).
18
Suppose 0 = -2*l + 9*s - 8*s + 47, -4*l - 4*s + 76 = 0. What is the remainder when 283 is divided by l?
19
Suppose -10*k = -9*k. Suppose -4*q + 12 = 2*z, 4*z - 3*q + q - 44 = k. What is the remainder when 37 is divided by z?
7
Suppose -60 = -5*k - 0*k. Calculate the remainder when (-234)/k*4/(-3) is divided by 6.
2
Let y(c) = 18*c + 17. Let k be y(7). Let r = k + -28. What is the remainder when r is divided by 29?
28
Let n = 215 - 152. Let l be ((110/8)/5)/(2/8). Calculate the remainder when n is divided by l + 1*(2 + 0).
11
Let h = -430 + 473. W